he units digit of s?
4
Let a(l) = 11*l - 35. What is the hundreds digit of a(15)?
1
Let a be 2 - 0 - (-3 + 2). Suppose i - 18 = -r - a*r, 5*r - 18 = -i. What is the tens digit of i?
1
Let t = -8 - -6. Let i be t/4 - (-17)/(-2). Let u = 17 + i. What is the units digit of u?
8
Let l(d) = d + 13. Let g(y) = -y - 1. Let m(o) = -6*g(o) - l(o). What is the tens digit of m(4)?
1
Let t = -3 - -3. Suppose t*m + l - 23 = -4*m, -2*m + 5*l + 17 = 0. Suppose 5*z + 2*v = 53, -5*z + m*v + 57 = 4*v. What is the units digit of z?
1
Let m = -14 + 36. What is the tens digit of m?
2
Let q(r) = -r**2 - 21*r + 10. What is the units digit of q(-18)?
4
Let i = -2 + 5. Suppose 0 = i*s + s - 36. What is the units digit of s?
9
Suppose d + 5 = -3. Let h = d + 47. What is the tens digit of h?
3
Suppose -3*j = -5*c + 22, 3*c + 0 = 15. Let v be 1 + j + 1 + 1. Suppose 10 + 14 = v*b. What is the units digit of b?
6
Let m(g) = 10*g**2 + g. What is the units digit of m(-2)?
8
Suppose 2*c + 3*f = -2*c + 129, 99 = 3*c + 3*f. What is the units digit of c?
0
Let s = 36 - 9. What is the units digit of s?
7
Let a be 9/(-1)*(-2 + 3). What is the units digit of (0 + -27)*3/a?
9
Suppose 5*i - 3*r + 15 = 2*r, 5*i = r - 3. Suppose 0 = -c - i*c + 24. What is the units digit of c?
4
Suppose -k + 5*k = 100. What is the units digit of k?
5
Let w be -2 + -1 + 2 - -2. Let t = 3 - w. Suppose -t*y = -4*q + 6, -3*q + q + 15 = 3*y. What is the units digit of y?
3
Let l = 17 + -4. Suppose -5*p = 4*z + 35, z + l = 3*p - 17. Let o = -4 - z. What is the tens digit of o?
1
Let m = 196 - 112. What is the tens digit of m?
8
Suppose 13 + 3 = l. Suppose -l = -3*f + 8. What is the units digit of f?
8
Suppose -2*s = -6*s. Suppose s = -5*v + 2*n + 121, -3*v - 3*n = -6*n - 69. Suppose 4*h = -h + v. What is the units digit of h?
5
What is the tens digit of ((-2)/(-4))/((-2)/(-188))?
4
Suppose -5*w = -15 - 15. Let g(o) = -o**3 + 2*o**3 + 8*o + 9*o**2 + w - 2. What is the units digit of g(-8)?
4
Let n(g) = -15 - 12*g + 3*g**2 - 4*g**2 + 4*g**2 - 4*g**2. What is the units digit of n(-10)?
5
Let y = 4 - 4. Suppose -6*z + 9*z - 117 = y. What is the units digit of z?
9
Suppose 6*a = 3*a + 18. Let p = 14 + -9. Suppose a*s - s = p. What is the units digit of s?
1
Let v be (3/6)/((-2)/52). Let t = -12 - v. What is the units digit of t?
1
Let n be 2 + 2/(-1)*1. Suppose n = -3*y + y + 10. Let p(b) = b - 4. What is the units digit of p(y)?
1
Let d = -9 + 9. Suppose d*z = -2*z + 10. Suppose z*t - 49 = 16. What is the units digit of t?
3
Let t be (51/15 - 3)*10. Suppose -4*p + 20 = -h - 3*h, -p + 5 = t*h. Suppose -p = i - 24. What is the units digit of i?
9
Let g(y) = -y**2 + 4. Let a be g(0). Suppose 85 = 5*x - 5*u, a*x = 5*u + 63 + 2. What is the tens digit of x?
2
Let u = 75 - -37. What is the units digit of u?
2
Let y = 77 + -39. What is the tens digit of y?
3
Suppose a - 2*a - 93 = -4*c, 3*c = a + 69. What is the units digit of c?
4
Let h(o) = -3*o - 10. Suppose -3*c = 18 + 6. What is the tens digit of h(c)?
1
Suppose -b - 3 = -28. What is the tens digit of b?
2
Suppose -2*m + 6*m + 6 = 2*y, -3*m + 9 = 3*y. What is the units digit of y?
3
Suppose -3*r - 69 - 27 = -3*u, 0 = 5*r + 25. What is the units digit of u?
7
Let w(n) be the second derivative of -n**5/60 + 7*n**4/24 + 2*n**3/3 - n. Let y(l) be the second derivative of w(l). What is the tens digit of y(-5)?
1
Suppose 5*w = -4 + 29. Suppose 115 = w*y - 50. What is the tens digit of y?
3
Let n(x) be the third derivative of -11*x**4/6 + x**3/3 + 3*x**2. What is the units digit of n(-1)?
6
Let w = -97 - -147. Suppose -75 = -4*b - u, -3*u + w = -4*b + 145. What is the units digit of b?
0
Suppose 4*f - 204 = 12. What is the units digit of f?
4
Let n = -43 + 67. Suppose 3 = -4*j - t - n, -2*t + 18 = -4*j. What is the units digit of (-28)/j - 1/(-3)?
5
What is the units digit of 394/11 + 4/22?
6
Suppose 5*u - z - 9 + 75 = 0, 3*z + 54 = -3*u. Let o = 22 + u. What is the units digit of o?
8
Suppose -4*o + s = -25 - 35, 3*o - 56 = -2*s. What is the units digit of o?
6
Suppose 4 + 2 = 2*m. Let k(d) be the first derivative of d**4/4 - 4*d**3/3 + 2*d**2 + 1. What is the units digit of k(m)?
3
Let a(d) be the first derivative of -4*d**3/3 + d + 1. Let z be a(-2). What is the units digit of 30/(-4)*12/z?
6
Suppose -6*x = x. Let f be 52 + (-2)/(-2) + -2. Suppose 0 = -5*n + c + 85, 3*n + x*c - c = f. What is the tens digit of n?
1
Let n be 2/9 - (-20)/(-9). Let u(z) = 1. Let g(j) = -3*j + 3. Let c(h) = g(h) - 4*u(h). What is the units digit of c(n)?
5
Suppose 8 = 3*n + 20. Let v be 42/8 + n/16. Suppose o + 0*o = v. What is the units digit of o?
5
Suppose -5*s = -s + 24. Let d be ((-5)/2)/((-3)/s). What is the units digit of (1 - -5) + (-6 - d)?
5
Let j be 0 + 0 - (-1 - -1). Let z = 3 + j. Suppose -2*o = o - z. What is the units digit of o?
1
Suppose 4*d - 15 = m, 5*m - 1 - 14 = 2*d. Suppose -5*a = -2*b + b + 7, 0 = -d*b - 15. Let w(c) = 2*c**2 + 1. What is the units digit of w(a)?
9
Let b = -10 - -13. Suppose n - 14 = -g + 6, -4*g = -b*n - 66. What is the units digit of g?
8
Let y(c) = c**3 - 5*c**2 - 6*c + 5. Let n be y(6). Suppose 20 = -0*d + n*d. What is the units digit of d?
4
Let y(s) = s**2 - 2*s - 6. Let n be y(3). What is the tens digit of 4 + (15 - (2 + n))?
2
Suppose 2*x + x = -12. Let s = x + 7. What is the units digit of s?
3
Suppose -4*k + 3*r - 2*r = -8, 0 = 4*k - 4*r - 8. Suppose -d + 4 = 1. Suppose -d*v + 41 = g, 2*v + 0*v + k*g = 34. What is the units digit of v?
2
What is the tens digit of (-1)/3 + -3*(-566)/18?
9
Let t(n) = -99*n - 2. What is the hundreds digit of t(-4)?
3
Let c be (-11)/(-13) - (-14)/91. What is the units digit of 27/c - 8/(-2)?
1
Let h = -8 + 22. What is the tens digit of h?
1
What is the units digit of 30*((-8)/(-12))/(2/3)?
0
Let d be -3 + 0 + -2 + 2. Let u = -1 - d. What is the units digit of 35/11 - u/11?
3
Let b be 0 - (-1 + 1 + -4). Let q be (30/b)/(3/(-4)). What is the units digit of 12/15 + (-2)/q?
1
Suppose -64 = -6*n + 14. What is the units digit of n?
3
Let p be 6*(-1)/(-3) + -6. What is the units digit of (-1 - 77)*2/p?
9
Suppose 6 = r + 2. Let d(n) = 5*n - 6. What is the units digit of d(r)?
4
Suppose -7*u + 2*u - 4*k + 66 = 0, -2*u - 2*k = -26. What is the tens digit of u?
1
Suppose 577 = 3*h + 4*p, -8*h + 3*h - 2*p + 971 = 0. What is the hundreds digit of h?
1
Let w = 17 - 13. Suppose 5*s - 10 = w*k + 20, 0 = 5*s + 5*k - 75. What is the units digit of s?
0
Let s(f) = 37*f**2 - 5*f + 2. What is the hundreds digit of s(-2)?
1
Let n = 5 - -4. Let i = 2 - n. Let c = 11 - i. What is the units digit of c?
8
What is the tens digit of (2 + (-2)/(-8))*12 - -3?
3
Suppose 4*y + 5*d - 19 = 0, -2*y + 5*d = 2*d - 15. Suppose -c - y = -3. What is the units digit of (-2 - c)*(5 - 0)?
5
Let o = 22 - 14. Let r = 15 - o. Suppose 3*p + p - 3*b + r = 0, p - 7 = -b. What is the units digit of p?
2
Let i be (7 - 6)*18*1. Suppose 0 = -5*q + 4*q + i. What is the tens digit of q?
1
Suppose -7*r - 21 + 238 = 0. What is the units digit of r?
1
Let z = -42 - -68. Let y = 50 - 65. Let p = y + z. What is the units digit of p?
1
Suppose 164 = 4*t - 92. Suppose t - 1 = 3*d. What is the tens digit of d?
2
Suppose m - 69 = 5. What is the tens digit of m?
7
Let p = -63 + 247. Suppose 4*t = -o + 154, -5*t + 0*o + p = -3*o. What is the units digit of t?
8
Let r(c) = -c**3 + 6*c**2 + 8*c - 6. Suppose 2*o - 35 = -3*o. Let a be r(o). Let l = a + 4. What is the units digit of l?
5
Suppose t - 72 = 4*q, 0 = 2*q - 5 - 1. What is the tens digit of t?
8
Let q = -3 - -7. Suppose 4*b - b + o - 89 = 0, 121 = q*b - o. Suppose 6*x - b = x. What is the units digit of x?
6
Let j(o) = -1 - 20*o**3 + 19*o**3 + 6*o - 1 + 3*o**2. Let n be j(4). Suppose 6 = n*u - 4*u. What is the units digit of u?
3
Suppose -9*w + 133 = -191. What is the tens digit of w?
3
Suppose 4*c = 19 - 3. Suppose -f = -c*f. Suppose 2*y - 4 - 10 = f. What is the units digit of y?
7
Let x be (3/(-6))/(2/4). Let k be 10/(x + 5 + -2). Suppose 3*t - k = -b, t - b + 2 = 1. What is the units digit of t?
1
Let c(a) = -3*a. Let j be c(-9). Let m = 113 - 68. Let k = m - j. What is the tens digit of k?
1
Let f = 19 - -1. What is the tens digit of f?
2
Let i = -8 + 46. What is the tens digit of i?
3
What is the units digit